{"id":1041,"date":"2015-09-17T18:38:58","date_gmt":"2015-09-17T16:38:58","guid":{"rendered":"http:\/\/boisleroijumelage.olympe.in\/?page_id=1041"},"modified":"2016-09-12T13:19:06","modified_gmt":"2016-09-12T12:19:06","slug":"venue-des-allemands-festival-of-europe-n4","status":"publish","type":"page","link":"http:\/\/boisleroijumelage.fr\/index.php\/activites\/annuelles\/activites-2015\/venue-des-allemands-festival-of-europe-n4\/","title":{"rendered":"Venue des allemands &#038; Festival of Europe n\u00b04 (2015)"},"content":{"rendered":"<p>L\u2019ann\u00e9e 2015 r\u00e9sonne comme une f\u00e9licit\u00e9 entre allemands et fran\u00e7ais\u00a0: 49 allemands sur Bois le Roi pour l\u2019ascension ; Rires, ambiance joviale port\u00e8rent ces 4 jours intenses. Nos chers amis outre-Rhin, \u00e9taient ravis d\u2019\u00eatre l\u2019objet de mille attentions des fran\u00e7ais.<\/p>\n<p>D\u00e8s leur arriv\u00e9e, les chaleureux Bacots les accueillirent avec enthousiasme, dans un d\u00e9cor champ\u00eatre. Un ap\u00e9ritif qui a enchant\u00e9 et les fameuses farandoles de salades furent confectionn\u00e9s par les h\u00f4tes, ce cocktail de bonheur a su rassasier les attentes de chacun.<\/p>\n<p><a href=\"\/wp-content\/uploads\/2015\/09\/IMG_0275-Treppe.jpg\"><img loading=\"lazy\" decoding=\"async\" class=\"alignleft wp-image-1335\" src=\"http:\/\/boisleroijumelage.fr\/wp-content\/uploads\/2015\/09\/IMG_0275-Treppe.jpg\" alt=\"\" width=\"300\" height=\"224\" \/><\/a>La journ\u00e9e suivante, ils revinrent charm\u00e9s de leur visite historique au ch\u00e2teau de Versailles et de leur d\u00e9couverte culturelle de la G\u00e9ode au Parc de la Villette, et de la Cit\u00e9 des sciences \u00e0 Paris. Au retour, un pot d\u2019accueil \u00e0 la mairie a \u00e9t\u00e9 organis\u00e9 \u00e0 leur intention.<\/p>\n<p>Le soir, les incontournables repas de quartiers furent le sommet de l\u2019amiti\u00e9, tous trinqu\u00e8rent au succ\u00e8s grandiose de cette rencontre sous les m\u00e9lodies des rires et du plaisir de faire partager nos traditions, nos coutumes et sp\u00e9cialit\u00e9s fran\u00e7aises.<\/p>\n<p>Le lendemain, nos convives partirent pour Barbizon o\u00f9 ils purent profiter non seulement d\u2019une visite du mus\u00e9e d\u00e9partemental des peintres de Barbizon\u00a0: l&rsquo;auberge Ganne o\u00f9 logeaient de nombreux artistes, et des commentaires sur nombreuses \u0153uvres de Millet tout le long de la rue principale apr\u00e8s quoi ils se d\u00e9lect\u00e8rent de cr\u00eapes \u00e0 la tr\u00e8s sympathique Cr\u00eaperie Barjole.<img loading=\"lazy\" decoding=\"async\" class=\"alignright wp-image-1261\" src=\"http:\/\/boisleroijumelage.fr\/wp-content\/uploads\/2015\/09\/P1090625.jpg\" alt=\"[cml_media_alt id='1261']P1090625[\/cml_media_alt]\" width=\"300\" height=\"225\" \/><\/p>\n<p>Enfin, ils pass\u00e8rent un merveilleux apr\u00e8s midi au Festival de l\u2019Europe. Ils ont pu d\u00e9couvrir la richesse de tous les europ\u00e9ens et admirer les spectacles de tout style propos\u00e9 pour tous les go\u00fbts, et tous les \u00e2ges .<br \/>\nDans notre stand, une exposition photos du carnaval allemand de f\u00e9vrier 2015, des coloriages de masques allemands, et maquillages ont eu beaucoup de succ\u00e8s. Le groupe de musiciens allemands fut applaudi par un public conquis. La G\u00e2tinaise nous pr\u00e9senta un spectacle de danses folkloriques des plus agr\u00e9ables. Des concerts grandioses ont anim\u00e9s la soir\u00e9e, les anciens du jumelage rejoignant leurs amis sur l\u2019espace pour diner.<a href=\"http:\/\/boisleroijumelage.fr\/wp-content\/uploads\/2015\/09\/2015-05-16-20.54.46.jpg\"><br \/>\n<\/a><\/p>\n<p>Ni les Allemands ni les Fran\u00e7ais ne tarirent d\u2019\u00e9loges. Le s\u00e9jour qu\u2019ils viennent de vivre ne peut annoncer qu\u2019un avenir rempli de bonnes surprises, gr\u00e2ce aux relations d\u2019Amiti\u00e9, qui, demeurent depuis 23 ans d\u2019\u00e9changes, et ont pu encore \u00eatre fortifi\u00e9es.<a href=\"\/wp-content\/uploads\/2015\/09\/2015-05-16-20.54.46.jpg\"><img loading=\"lazy\" decoding=\"async\" class=\"aligncenter wp-image-1263\" src=\"http:\/\/boisleroijumelage.fr\/wp-content\/uploads\/2015\/09\/2015-05-16-20.54.46.jpg\" alt=\"[cml_media_alt id='1263']2015-05-16 20.54.46[\/cml_media_alt]\" width=\"300\" height=\"199\" \/><\/a><\/p>\n","protected":false},"excerpt":{"rendered":"<p>L\u2019ann\u00e9e 2015 r\u00e9sonne comme une f\u00e9licit\u00e9 entre allemands et fran\u00e7ais\u00a0: 49 allemands sur Bois le Roi pour l\u2019ascension ; Rires, ambiance joviale port\u00e8rent ces 4 jours intenses. Nos chers amis outre-Rhin, \u00e9taient ravis d\u2019\u00eatre l\u2019objet de mille attentions des fran\u00e7ais. D\u00e8s leur arriv\u00e9e, les chaleureux Bacots les accueillirent avec enthousiasme, dans un d\u00e9cor champ\u00eatre. Un&#8230;<\/p>\n","protected":false},"author":1,"featured_media":0,"parent":571,"menu_order":0,"comment_status":"closed","ping_status":"open","template":"","meta":{"_kadence_starter_templates_imported_post":false,"_kad_post_transparent":"","_kad_post_title":"","_kad_post_layout":"","_kad_post_sidebar_id":"","_kad_post_content_style":"","_kad_post_vertical_padding":"","_kad_post_feature":"","_kad_post_feature_position":"","_kad_post_header":false,"_kad_post_footer":false,"_kad_post_classname":"","footnotes":""},"class_list":["post-1041","page","type-page","status-publish","hentry"],"_links":{"self":[{"href":"http:\/\/boisleroijumelage.fr\/index.php\/wp-json\/wp\/v2\/pages\/1041","targetHints":{"allow":["GET"]}}],"collection":[{"href":"http:\/\/boisleroijumelage.fr\/index.php\/wp-json\/wp\/v2\/pages"}],"about":[{"href":"http:\/\/boisleroijumelage.fr\/index.php\/wp-json\/wp\/v2\/types\/page"}],"author":[{"embeddable":true,"href":"http:\/\/boisleroijumelage.fr\/index.php\/wp-json\/wp\/v2\/users\/1"}],"replies":[{"embeddable":true,"href":"http:\/\/boisleroijumelage.fr\/index.php\/wp-json\/wp\/v2\/comments?post=1041"}],"version-history":[{"count":3,"href":"http:\/\/boisleroijumelage.fr\/index.php\/wp-json\/wp\/v2\/pages\/1041\/revisions"}],"predecessor-version":[{"id":2233,"href":"http:\/\/boisleroijumelage.fr\/index.php\/wp-json\/wp\/v2\/pages\/1041\/revisions\/2233"}],"up":[{"embeddable":true,"href":"http:\/\/boisleroijumelage.fr\/index.php\/wp-json\/wp\/v2\/pages\/571"}],"wp:attachment":[{"href":"http:\/\/boisleroijumelage.fr\/index.php\/wp-json\/wp\/v2\/media?parent=1041"}],"curies":[{"name":"wp","href":"https:\/\/api.w.org\/{rel}","templated":true}]}}