{"id":1051,"date":"2015-09-17T19:51:13","date_gmt":"2015-09-17T17:51:13","guid":{"rendered":"http:\/\/boisleroijumelage.olympe.in\/?page_id=1051"},"modified":"2015-09-17T19:51:13","modified_gmt":"2015-09-17T17:51:13","slug":"stammtisch-dautomne-2014","status":"publish","type":"page","link":"http:\/\/boisleroijumelage.fr\/index.php\/activites\/annuelles\/activites-2014\/stammtisch-dautomne-2014\/","title":{"rendered":"Stammtisch d&rsquo;automne 2014"},"content":{"rendered":"<p>Nous nous sommes tous retrouv\u00e9s lors de\u00a0notre\u00a0<strong>premier Stammtisch, pour f\u00eater\u00a0<\/strong>les\u00a0<strong>25 ans de la chute du mur de Berlin, le samedi 8 novembre au caf\u00e9 de la gare.<\/strong><\/p>\n<p>50 convives ont pu partager ce repas, entre fondateurs, anciens, et nouveaux membres du jumelage, ou tout simplement amis adh\u00e9rents ou non, afin de\u00a0f\u00eater l\u2019Amiti\u00e9, le plaisir d\u2019\u00eatre ensemble et d\u2019\u00e9changer.<\/p>\n<p>Nous avons projet\u00e9 quelques images de 1989 et de nos jours entre le plat et le dessert, pour nous aider \u00e0 nous souvenir\u00a0 du fait que la r\u00e9unification de l\u2019Allemagne n\u2019est pas si lointaine, apr\u00e8s de longues ann\u00e9es de s\u00e9paration qui en ont fait souffrir plus d\u2019un.\u00a0Mais surtout,\u00a0du bonheur des familles de se retrouver enfin\u00a0! En effet, le jumelage f\u00eate l\u2019Amiti\u00e9 et nous avons voulu recr\u00e9er cette joie d\u2019\u00eatre rassembl\u00e9s autour de nos diff\u00e9rentes activit\u00e9s, comme ce repas\u2026<\/p>\n<p>Pendant le repas,<strong> Evelyne Sch\u00f6nfeld\/Delepeeler, Berlinoise<\/strong>, nous a \u00e9galement apport\u00e9 son \u00e9clairage sur la r\u00e9alit\u00e9 de la situation v\u00e9cue par sa famille, ainsi qu&rsquo; elle-m\u00eame, par son t\u00e9moignage \u00e9mouvant et poignant\u00a0!<\/p>\n","protected":false},"excerpt":{"rendered":"<p>Nous nous sommes tous retrouv\u00e9s lors de\u00a0notre\u00a0premier Stammtisch, pour f\u00eater\u00a0les\u00a025 ans de la chute du mur de Berlin, le samedi 8 novembre au caf\u00e9 de la gare. 50 convives ont pu partager ce repas, entre fondateurs, anciens, et nouveaux membres du jumelage, ou tout simplement amis adh\u00e9rents ou non, afin de\u00a0f\u00eater l\u2019Amiti\u00e9, le plaisir d\u2019\u00eatre&#8230;<\/p>\n","protected":false},"author":1,"featured_media":0,"parent":415,"menu_order":0,"comment_status":"closed","ping_status":"open","template":"","meta":{"_kadence_starter_templates_imported_post":false,"_kad_post_transparent":"","_kad_post_title":"","_kad_post_layout":"","_kad_post_sidebar_id":"","_kad_post_content_style":"","_kad_post_vertical_padding":"","_kad_post_feature":"","_kad_post_feature_position":"","_kad_post_header":false,"_kad_post_footer":false,"_kad_post_classname":"","footnotes":""},"class_list":["post-1051","page","type-page","status-publish","hentry"],"_links":{"self":[{"href":"http:\/\/boisleroijumelage.fr\/index.php\/wp-json\/wp\/v2\/pages\/1051","targetHints":{"allow":["GET"]}}],"collection":[{"href":"http:\/\/boisleroijumelage.fr\/index.php\/wp-json\/wp\/v2\/pages"}],"about":[{"href":"http:\/\/boisleroijumelage.fr\/index.php\/wp-json\/wp\/v2\/types\/page"}],"author":[{"embeddable":true,"href":"http:\/\/boisleroijumelage.fr\/index.php\/wp-json\/wp\/v2\/users\/1"}],"replies":[{"embeddable":true,"href":"http:\/\/boisleroijumelage.fr\/index.php\/wp-json\/wp\/v2\/comments?post=1051"}],"version-history":[{"count":0,"href":"http:\/\/boisleroijumelage.fr\/index.php\/wp-json\/wp\/v2\/pages\/1051\/revisions"}],"up":[{"embeddable":true,"href":"http:\/\/boisleroijumelage.fr\/index.php\/wp-json\/wp\/v2\/pages\/415"}],"wp:attachment":[{"href":"http:\/\/boisleroijumelage.fr\/index.php\/wp-json\/wp\/v2\/media?parent=1051"}],"curies":[{"name":"wp","href":"https:\/\/api.w.org\/{rel}","templated":true}]}}