{"id":1073,"date":"2015-10-07T10:05:02","date_gmt":"2015-10-07T08:05:02","guid":{"rendered":"http:\/\/boisleroijumelage.olympe.in\/?page_id=1073"},"modified":"2016-09-12T23:19:55","modified_gmt":"2016-09-12T22:19:55","slug":"paris-a-velo-2015","status":"publish","type":"page","link":"http:\/\/boisleroijumelage.fr\/index.php\/activites\/annuelles\/activites-2015\/paris-a-velo-2015\/","title":{"rendered":"Paris \u00e0 V\u00e9lo 2015"},"content":{"rendered":"<p><iframe loading=\"lazy\" src=\"https:\/\/www.youtube.com\/embed\/0lUuvdLjZRU\" width=\"560\" height=\"315\" frameborder=\"0\" allowfullscreen=\"allowfullscreen\"><\/iframe><\/p>\n<p>Promesse tenue, le \u00ab\u00a0Paris \u00e0 v\u00e9lo, c\u2019est sympa\u00a0\u00bb \u00e9tait de retour cet \u00e9t\u00e9 2015.<\/p>\n<p>Seize adultes allemands et fran\u00e7ais sont revenus enchant\u00e9s de cette exp\u00e9rience loin des clich\u00e9s touristiques de Paris.<\/p>\n<p>Nos journ\u00e9es s\u2019alternaient entre d\u00e9couverte de jolis jardins bien cach\u00e9s, de mus\u00e9es insolites ou plus traditionnels et des balades guid\u00e9es \u00a0\u00e0 bicyclettes. Tout cela dans une atmosph\u00e8re et des quartiers parisiens dont nous ne soup\u00e7onnions pas l\u2019existence.<\/p>\n<p>Des moments de bonheur pour cl\u00f4turer un bel \u00e9t\u00e9 !<\/p>\n","protected":false},"excerpt":{"rendered":"<p>Promesse tenue, le \u00ab\u00a0Paris \u00e0 v\u00e9lo, c\u2019est sympa\u00a0\u00bb \u00e9tait de retour cet \u00e9t\u00e9 2015. Seize adultes allemands et fran\u00e7ais sont revenus enchant\u00e9s de cette exp\u00e9rience loin des clich\u00e9s touristiques de Paris. Nos journ\u00e9es s\u2019alternaient entre d\u00e9couverte de jolis jardins bien cach\u00e9s, de mus\u00e9es insolites ou plus traditionnels et des balades guid\u00e9es \u00a0\u00e0 bicyclettes. Tout cela&#8230;<\/p>\n","protected":false},"author":1,"featured_media":0,"parent":571,"menu_order":0,"comment_status":"closed","ping_status":"open","template":"","meta":{"_kadence_starter_templates_imported_post":false,"_kad_post_transparent":"","_kad_post_title":"","_kad_post_layout":"","_kad_post_sidebar_id":"","_kad_post_content_style":"","_kad_post_vertical_padding":"","_kad_post_feature":"","_kad_post_feature_position":"","_kad_post_header":false,"_kad_post_footer":false,"_kad_post_classname":"","footnotes":""},"class_list":["post-1073","page","type-page","status-publish","hentry"],"_links":{"self":[{"href":"http:\/\/boisleroijumelage.fr\/index.php\/wp-json\/wp\/v2\/pages\/1073","targetHints":{"allow":["GET"]}}],"collection":[{"href":"http:\/\/boisleroijumelage.fr\/index.php\/wp-json\/wp\/v2\/pages"}],"about":[{"href":"http:\/\/boisleroijumelage.fr\/index.php\/wp-json\/wp\/v2\/types\/page"}],"author":[{"embeddable":true,"href":"http:\/\/boisleroijumelage.fr\/index.php\/wp-json\/wp\/v2\/users\/1"}],"replies":[{"embeddable":true,"href":"http:\/\/boisleroijumelage.fr\/index.php\/wp-json\/wp\/v2\/comments?post=1073"}],"version-history":[{"count":2,"href":"http:\/\/boisleroijumelage.fr\/index.php\/wp-json\/wp\/v2\/pages\/1073\/revisions"}],"predecessor-version":[{"id":2281,"href":"http:\/\/boisleroijumelage.fr\/index.php\/wp-json\/wp\/v2\/pages\/1073\/revisions\/2281"}],"up":[{"embeddable":true,"href":"http:\/\/boisleroijumelage.fr\/index.php\/wp-json\/wp\/v2\/pages\/571"}],"wp:attachment":[{"href":"http:\/\/boisleroijumelage.fr\/index.php\/wp-json\/wp\/v2\/media?parent=1073"}],"curies":[{"name":"wp","href":"https:\/\/api.w.org\/{rel}","templated":true}]}}