{"id":1076,"date":"2015-10-07T10:55:55","date_gmt":"2015-10-07T08:55:55","guid":{"rendered":"http:\/\/boisleroijumelage.olympe.in\/?page_id=1076"},"modified":"2016-03-10T20:16:52","modified_gmt":"2016-03-10T19:16:52","slug":"ferienjobs-2015","status":"publish","type":"page","link":"http:\/\/boisleroijumelage.fr\/index.php\/activites\/annuelles\/activites-2015\/ferienjobs-2015\/","title":{"rendered":"Ferienjobs 2015"},"content":{"rendered":"<p><a title=\"Ferienjobs\" href=\"http:\/\/boisleroijumelage.fr\/index.php\/activites\/recurrentes\/ferienjobs\/\">Cliquez ici pour d\u00e9couvrir le principe des Ferienjobs !<\/a><\/p>\n<p>D\u00e9couvrez le t\u00e9moignage des jeunes de cette ann\u00e9e :<\/p>\n<p>&#8211;\u00a0<a href=\"\/wp-content\/uploads\/2015\/10\/Ferienjob-Alexandra-Gizzi.rtf\">Alexandra Gizzi<\/a>, au Kindergarten de Langenargen<\/p>\n<p>&#8211; <a href=\"\/wp-content\/uploads\/2015\/10\/Ferienjob-Marie-Monnot.rtf\">Marie Monnot<\/a>, au Kindergarten de Langenargen<\/p>\n<p>&#8211; <a href=\"\/wp-content\/uploads\/2015\/10\/Ferienjob-Pierre-Penhard.doc\">Pierre Penhard<\/a>, au Bauhof\u00a0de Langenargen<\/p>\n<p>&#8211; <a href=\"\/wp-content\/uploads\/2015\/10\/Ferrienjob-Paul-Adrien-Fain\u00e9ant.ppt\">Paul-Adrien Fain\u00e9ant<\/a>, au Bauhof de Langenargen<\/p>\n","protected":false},"excerpt":{"rendered":"<p>Cliquez ici pour d\u00e9couvrir le principe des Ferienjobs ! D\u00e9couvrez le t\u00e9moignage des jeunes de cette ann\u00e9e : &#8211;\u00a0Alexandra Gizzi, au Kindergarten de Langenargen &#8211; Marie Monnot, au Kindergarten de Langenargen &#8211; Pierre Penhard, au Bauhof\u00a0de Langenargen &#8211; Paul-Adrien Fain\u00e9ant, au Bauhof de Langenargen<\/p>\n","protected":false},"author":1,"featured_media":0,"parent":571,"menu_order":0,"comment_status":"closed","ping_status":"open","template":"","meta":{"_kadence_starter_templates_imported_post":false,"_kad_post_transparent":"","_kad_post_title":"","_kad_post_layout":"","_kad_post_sidebar_id":"","_kad_post_content_style":"","_kad_post_vertical_padding":"","_kad_post_feature":"","_kad_post_feature_position":"","_kad_post_header":false,"_kad_post_footer":false,"_kad_post_classname":"","footnotes":""},"class_list":["post-1076","page","type-page","status-publish","hentry"],"_links":{"self":[{"href":"http:\/\/boisleroijumelage.fr\/index.php\/wp-json\/wp\/v2\/pages\/1076","targetHints":{"allow":["GET"]}}],"collection":[{"href":"http:\/\/boisleroijumelage.fr\/index.php\/wp-json\/wp\/v2\/pages"}],"about":[{"href":"http:\/\/boisleroijumelage.fr\/index.php\/wp-json\/wp\/v2\/types\/page"}],"author":[{"embeddable":true,"href":"http:\/\/boisleroijumelage.fr\/index.php\/wp-json\/wp\/v2\/users\/1"}],"replies":[{"embeddable":true,"href":"http:\/\/boisleroijumelage.fr\/index.php\/wp-json\/wp\/v2\/comments?post=1076"}],"version-history":[{"count":2,"href":"http:\/\/boisleroijumelage.fr\/index.php\/wp-json\/wp\/v2\/pages\/1076\/revisions"}],"predecessor-version":[{"id":1591,"href":"http:\/\/boisleroijumelage.fr\/index.php\/wp-json\/wp\/v2\/pages\/1076\/revisions\/1591"}],"up":[{"embeddable":true,"href":"http:\/\/boisleroijumelage.fr\/index.php\/wp-json\/wp\/v2\/pages\/571"}],"wp:attachment":[{"href":"http:\/\/boisleroijumelage.fr\/index.php\/wp-json\/wp\/v2\/media?parent=1076"}],"curies":[{"name":"wp","href":"https:\/\/api.w.org\/{rel}","templated":true}]}}