{"id":1164,"date":"2016-02-08T16:57:21","date_gmt":"2016-02-08T15:57:21","guid":{"rendered":"http:\/\/boisleroijumelage.olympe.in\/?page_id=1164"},"modified":"2016-03-10T15:57:26","modified_gmt":"2016-03-10T14:57:26","slug":"semaine-des-jeunes-2008","status":"publish","type":"page","link":"http:\/\/boisleroijumelage.fr\/index.php\/activites\/annuelles\/activites-2008\/semaine-des-jeunes-2008\/","title":{"rendered":"Semaine des jeunes 2008"},"content":{"rendered":"<p>Cette ann\u00e9e, nous avons relanc\u00e9 les semaines des jeunes qui existait il y quelques ann\u00e9es. Le th\u00e8me de cet ann\u00e9e \u00ab\u00a0Paris \u00e0 V\u00e9lo\u00a0\u00bb a permis de r\u00e9unir une vingtaine de jeunes allemands et fran\u00e7ais dans la capitale.<\/p>\n<p>D\u00e9couvrez les photos <a href=\"https:\/\/www.facebook.com\/media\/set\/?set=a.288500764583005.51947.288305774602504&amp;type=3\" target=\"_blank\">ici<\/a>.<\/p>\n","protected":false},"excerpt":{"rendered":"<p>Cette ann\u00e9e, nous avons relanc\u00e9 les semaines des jeunes qui existait il y quelques ann\u00e9es. Le th\u00e8me de cet ann\u00e9e \u00ab\u00a0Paris \u00e0 V\u00e9lo\u00a0\u00bb a permis de r\u00e9unir une vingtaine de jeunes allemands et fran\u00e7ais dans la capitale. D\u00e9couvrez les photos ici.<\/p>\n","protected":false},"author":1,"featured_media":0,"parent":403,"menu_order":0,"comment_status":"closed","ping_status":"closed","template":"","meta":{"_kadence_starter_templates_imported_post":false,"_kad_post_transparent":"","_kad_post_title":"","_kad_post_layout":"","_kad_post_sidebar_id":"","_kad_post_content_style":"","_kad_post_vertical_padding":"","_kad_post_feature":"","_kad_post_feature_position":"","_kad_post_header":false,"_kad_post_footer":false,"_kad_post_classname":"","footnotes":""},"class_list":["post-1164","page","type-page","status-publish","hentry"],"_links":{"self":[{"href":"http:\/\/boisleroijumelage.fr\/index.php\/wp-json\/wp\/v2\/pages\/1164","targetHints":{"allow":["GET"]}}],"collection":[{"href":"http:\/\/boisleroijumelage.fr\/index.php\/wp-json\/wp\/v2\/pages"}],"about":[{"href":"http:\/\/boisleroijumelage.fr\/index.php\/wp-json\/wp\/v2\/types\/page"}],"author":[{"embeddable":true,"href":"http:\/\/boisleroijumelage.fr\/index.php\/wp-json\/wp\/v2\/users\/1"}],"replies":[{"embeddable":true,"href":"http:\/\/boisleroijumelage.fr\/index.php\/wp-json\/wp\/v2\/comments?post=1164"}],"version-history":[{"count":1,"href":"http:\/\/boisleroijumelage.fr\/index.php\/wp-json\/wp\/v2\/pages\/1164\/revisions"}],"predecessor-version":[{"id":1462,"href":"http:\/\/boisleroijumelage.fr\/index.php\/wp-json\/wp\/v2\/pages\/1164\/revisions\/1462"}],"up":[{"embeddable":true,"href":"http:\/\/boisleroijumelage.fr\/index.php\/wp-json\/wp\/v2\/pages\/403"}],"wp:attachment":[{"href":"http:\/\/boisleroijumelage.fr\/index.php\/wp-json\/wp\/v2\/media?parent=1164"}],"curies":[{"name":"wp","href":"https:\/\/api.w.org\/{rel}","templated":true}]}}