{"id":1168,"date":"2016-02-10T09:19:55","date_gmt":"2016-02-10T08:19:55","guid":{"rendered":"http:\/\/boisleroijumelage.olympe.in\/?page_id=1168"},"modified":"2016-04-17T23:17:53","modified_gmt":"2016-04-17T22:17:53","slug":"semaine-des-jeunes-2009","status":"publish","type":"page","link":"http:\/\/boisleroijumelage.fr\/index.php\/activites\/annuelles\/activites-2009\/semaine-des-jeunes-2009\/","title":{"rendered":"Semaine des jeunes 2009"},"content":{"rendered":"<p>Cette ann\u00e9e, la semaine des jeunes s&rsquo;est d\u00e9roul\u00e9e \u00e0 Langenargen sur le th\u00e8me \u00ab\u00a0Radtour am Bodensee\u00a0\u00bb. Comme l&rsquo;an dernier, une vingtaine de jeunes fran\u00e7ais et allemands se sont retrouv\u00e9s chaque pour faire du v\u00e9lo et d\u00e9couvrir de nombreuses activit\u00e9s comme le mus\u00e9e Sealife, faire de la banane nautique, de la voile !<\/p>\n<p>D\u00e9couvrez les photos <a href=\"https:\/\/www.facebook.com\/media\/set\/?set=a.288543404578741.51956.288305774602504&amp;type=3\" target=\"_blank\">ici\u00a0<\/a>\u00a0;)<\/p>\n","protected":false},"excerpt":{"rendered":"<p>Cette ann\u00e9e, la semaine des jeunes s&rsquo;est d\u00e9roul\u00e9e \u00e0 Langenargen sur le th\u00e8me \u00ab\u00a0Radtour am Bodensee\u00a0\u00bb. Comme l&rsquo;an dernier, une vingtaine de jeunes fran\u00e7ais et allemands se sont retrouv\u00e9s chaque pour faire du v\u00e9lo et d\u00e9couvrir de nombreuses activit\u00e9s comme le mus\u00e9e Sealife, faire de la banane nautique, de la voile ! D\u00e9couvrez les photos&#8230;<\/p>\n","protected":false},"author":1,"featured_media":0,"parent":405,"menu_order":0,"comment_status":"closed","ping_status":"open","template":"","meta":{"_kadence_starter_templates_imported_post":false,"_kad_post_transparent":"","_kad_post_title":"","_kad_post_layout":"","_kad_post_sidebar_id":"","_kad_post_content_style":"","_kad_post_vertical_padding":"","_kad_post_feature":"","_kad_post_feature_position":"","_kad_post_header":false,"_kad_post_footer":false,"_kad_post_classname":"","footnotes":""},"class_list":["post-1168","page","type-page","status-publish","hentry"],"_links":{"self":[{"href":"http:\/\/boisleroijumelage.fr\/index.php\/wp-json\/wp\/v2\/pages\/1168","targetHints":{"allow":["GET"]}}],"collection":[{"href":"http:\/\/boisleroijumelage.fr\/index.php\/wp-json\/wp\/v2\/pages"}],"about":[{"href":"http:\/\/boisleroijumelage.fr\/index.php\/wp-json\/wp\/v2\/types\/page"}],"author":[{"embeddable":true,"href":"http:\/\/boisleroijumelage.fr\/index.php\/wp-json\/wp\/v2\/users\/1"}],"replies":[{"embeddable":true,"href":"http:\/\/boisleroijumelage.fr\/index.php\/wp-json\/wp\/v2\/comments?post=1168"}],"version-history":[{"count":1,"href":"http:\/\/boisleroijumelage.fr\/index.php\/wp-json\/wp\/v2\/pages\/1168\/revisions"}],"predecessor-version":[{"id":1979,"href":"http:\/\/boisleroijumelage.fr\/index.php\/wp-json\/wp\/v2\/pages\/1168\/revisions\/1979"}],"up":[{"embeddable":true,"href":"http:\/\/boisleroijumelage.fr\/index.php\/wp-json\/wp\/v2\/pages\/405"}],"wp:attachment":[{"href":"http:\/\/boisleroijumelage.fr\/index.php\/wp-json\/wp\/v2\/media?parent=1168"}],"curies":[{"name":"wp","href":"https:\/\/api.w.org\/{rel}","templated":true}]}}