{"id":1309,"date":"2016-02-20T21:52:29","date_gmt":"2016-02-20T20:52:29","guid":{"rendered":"http:\/\/boisleroijumelage.olympe.in\/?page_id=1309"},"modified":"2016-08-02T22:32:35","modified_gmt":"2016-08-02T21:32:35","slug":"stammtisch-dhiver-2016","status":"publish","type":"page","link":"http:\/\/boisleroijumelage.fr\/index.php\/activites\/annuelles\/programme-2016\/stammtisch-dhiver-2016\/","title":{"rendered":"Stammtisch d\u2019hiver (2016)"},"content":{"rendered":"<div><b>Notre Stammtisch \u00a0<img loading=\"lazy\" decoding=\"async\" class=\"size-medium wp-image-2069 alignright\" src=\"http:\/\/boisleroijumelage.fr\/wp-content\/uploads\/2016\/02\/P1110866-1-300x225.jpg\" alt=\"[cml_media_alt id='2069']P1110866[\/cml_media_alt]\" width=\"300\" height=\"225\" srcset=\"http:\/\/boisleroijumelage.fr\/wp-content\/uploads\/2016\/02\/P1110866-1-300x225.jpg 300w, http:\/\/boisleroijumelage.fr\/wp-content\/uploads\/2016\/02\/P1110866-1-768x576.jpg 768w, http:\/\/boisleroijumelage.fr\/wp-content\/uploads\/2016\/02\/P1110866-1-644x483.jpg 644w, http:\/\/boisleroijumelage.fr\/wp-content\/uploads\/2016\/02\/P1110866-1.jpg 2048w\" sizes=\"auto, (max-width: 300px) 100vw, 300px\" \/><\/b>d\u2019hiver \u00ab\u00a0Valentinstag\u00a0\u00bb a rassembl\u00e9 ce samedi 13 f\u00e9vrier une vingtaine de convives au caf\u00e9 de la gare autour d\u2019une choucroute et d\u2019un apfelstrudel qui ont r\u00e9gal\u00e9s les papilles.<\/div>\n<div><\/div>\n<div>Les conversations se montraient bien anim\u00e9es et le quiz sur la St Valentin, qui a suivi l\u2019histoire de la f\u00eate des amoureux, en a stimul\u00e9 plus d\u2019un et pas !<\/div>\n<div><\/div>\n<div>Un bon souvenir amical de partage pour tous ;)<\/div>\n","protected":false},"excerpt":{"rendered":"<p>Notre Stammtisch \u00a0d\u2019hiver \u00ab\u00a0Valentinstag\u00a0\u00bb a rassembl\u00e9 ce samedi 13 f\u00e9vrier une vingtaine de convives au caf\u00e9 de la gare autour d\u2019une choucroute et d\u2019un apfelstrudel qui ont r\u00e9gal\u00e9s les papilles. Les conversations se montraient bien anim\u00e9es et le quiz sur la St Valentin, qui a suivi l\u2019histoire de la f\u00eate des amoureux, en a stimul\u00e9&#8230;<\/p>\n","protected":false},"author":1,"featured_media":0,"parent":1155,"menu_order":10,"comment_status":"closed","ping_status":"closed","template":"","meta":{"_kadence_starter_templates_imported_post":false,"_kad_post_transparent":"","_kad_post_title":"","_kad_post_layout":"","_kad_post_sidebar_id":"","_kad_post_content_style":"","_kad_post_vertical_padding":"","_kad_post_feature":"","_kad_post_feature_position":"","_kad_post_header":false,"_kad_post_footer":false,"_kad_post_classname":"","footnotes":""},"class_list":["post-1309","page","type-page","status-publish","hentry"],"_links":{"self":[{"href":"http:\/\/boisleroijumelage.fr\/index.php\/wp-json\/wp\/v2\/pages\/1309","targetHints":{"allow":["GET"]}}],"collection":[{"href":"http:\/\/boisleroijumelage.fr\/index.php\/wp-json\/wp\/v2\/pages"}],"about":[{"href":"http:\/\/boisleroijumelage.fr\/index.php\/wp-json\/wp\/v2\/types\/page"}],"author":[{"embeddable":true,"href":"http:\/\/boisleroijumelage.fr\/index.php\/wp-json\/wp\/v2\/users\/1"}],"replies":[{"embeddable":true,"href":"http:\/\/boisleroijumelage.fr\/index.php\/wp-json\/wp\/v2\/comments?post=1309"}],"version-history":[{"count":5,"href":"http:\/\/boisleroijumelage.fr\/index.php\/wp-json\/wp\/v2\/pages\/1309\/revisions"}],"predecessor-version":[{"id":2073,"href":"http:\/\/boisleroijumelage.fr\/index.php\/wp-json\/wp\/v2\/pages\/1309\/revisions\/2073"}],"up":[{"embeddable":true,"href":"http:\/\/boisleroijumelage.fr\/index.php\/wp-json\/wp\/v2\/pages\/1155"}],"wp:attachment":[{"href":"http:\/\/boisleroijumelage.fr\/index.php\/wp-json\/wp\/v2\/media?parent=1309"}],"curies":[{"name":"wp","href":"https:\/\/api.w.org\/{rel}","templated":true}]}}