{"id":2402,"date":"2016-11-11T22:00:04","date_gmt":"2016-11-11T21:00:04","guid":{"rendered":"http:\/\/boisleroijumelage.fr\/?page_id=2402"},"modified":"2016-12-28T18:09:37","modified_gmt":"2016-12-28T17:09:37","slug":"25eme-anniversaire-a-langenargen-2016","status":"publish","type":"page","link":"http:\/\/boisleroijumelage.fr\/index.php\/activites\/annuelles\/programme-2016\/25eme-anniversaire-a-langenargen-2016\/","title":{"rendered":"25\u00e8me anniversaire \u00e0 Langenargen (2016)"},"content":{"rendered":"<p>Du 20 au 23 octobre 2016, une d\u00e9l\u00e9gation de 50 adh\u00e9rents de Bois le Roi s\u2019est rendue \u00e0 Langenargen, notre ville jumelle du Bade-Wurtemberg en Allemagne du Sud pour f\u00eater notre jubil\u00e9. En effet, cela fait\u00a0 maintenant 25 ans que notre jumelage existe et nous \u00e9tions impatients de nous retrouver entre amis. \u00a0Les serments du jumelage sign\u00e9s il y a un \u00bc de si\u00e8cle ont \u00e9t\u00e9 renouvel\u00e9s \u00e0 cette occasion au son des hymnes nationaux.<\/p>\n<p>Si \u00e0 la base, ce sont les repr\u00e9sentants des 2 villes qui les signent, ensuite ce sont les comit\u00e9s de jumelage qui les font vivre, et cr\u00e9ent les conditions pour que naissent et perdurent les relations d\u2019Amiti\u00e9, \u00a0qui maintiennent nos 2 pays en paix\u2026 \u00a0Nous en sommes le symbole vivant.<\/p>\n<p><img loading=\"lazy\" decoding=\"async\" class=\"alignright wp-image-2407\" src=\"http:\/\/boisleroijumelage.fr\/wp-content\/uploads\/2016\/11\/DSCN9963-300x225.jpg\" alt=\"[cml_media_alt id='2407']dscn9963[\/cml_media_alt]\" width=\"256\" height=\"192\" srcset=\"http:\/\/boisleroijumelage.fr\/wp-content\/uploads\/2016\/11\/DSCN9963-300x225.jpg 300w, http:\/\/boisleroijumelage.fr\/wp-content\/uploads\/2016\/11\/DSCN9963-768x576.jpg 768w, http:\/\/boisleroijumelage.fr\/wp-content\/uploads\/2016\/11\/DSCN9963-644x483.jpg 644w\" sizes=\"auto, (max-width: 256px) 100vw, 256px\" \/>A\u00a0 notre arriv\u00e9e le jeudi, nous f\u00fbmes accueillis par le maire et nos amis allemands, accompagn\u00e9s d&rsquo;une chorale de jeunes enfants, avant que chacun, muni d&rsquo;un cadeau de bienvenue, reparte avec \u00a0sa famille d&rsquo;accueil \u00a0pour la soir\u00e9e.<\/p>\n<p>Durant notre s\u00e9jour, \u00a0nous sommes partis \u00e0 la d\u00e9couverte \u00a0des environs\u00a0 du Bodensee (lac de Constance) :<\/p>\n<p><strong><em>Le vendredi &#8211; Meersburg, Birnau, exposition des 25 ans :\u00a0<\/em><\/strong><\/p>\n<p>Le premier jour, une visite guid\u00e9e de Meersburg nous avait \u00e9t\u00e9 \u00a0r\u00e9serv\u00e9e.\u00a0 Une fois la porte de cette ville m\u00e9di\u00e9vale fortifi\u00e9e franchie, nous avons pu admirer cette jolie \u00a0cit\u00e9 construite \u00e0 pic au-dessus de son embarcad\u00e8re pour la travers\u00e9e en bateau vers Constance. <img loading=\"lazy\" decoding=\"async\" class=\"alignleft wp-image-2418 size-medium\" src=\"http:\/\/boisleroijumelage.fr\/wp-content\/uploads\/2016\/11\/DSC_0432-e1478785738157-300x214.jpg\" alt=\"\" width=\"300\" height=\"214\" srcset=\"http:\/\/boisleroijumelage.fr\/wp-content\/uploads\/2016\/11\/DSC_0432-e1478785738157-300x214.jpg 300w, http:\/\/boisleroijumelage.fr\/wp-content\/uploads\/2016\/11\/DSC_0432-e1478785738157-768x548.jpg 768w, http:\/\/boisleroijumelage.fr\/wp-content\/uploads\/2016\/11\/DSC_0432-e1478785738157-644x459.jpg 644w\" sizes=\"auto, (max-width: 300px) 100vw, 300px\" \/>Dans ce village vallonn\u00e9, nous sommes\u00a0frapp\u00e9s par les maisons \u00e0 colombages aux couleurs\u00a0 vari\u00e9es, les petites boutiques de charme le long des ruelles, des magnifiques places romantiques et nous a-t-on confi\u00e9\u00a0 que les habitants restent attach\u00e9s \u00e0 leurs\u00a0 coutumes \u00a0: \u00a0leur Fastnacht\u00a0 traditionnel ne doit surtout pas \u00eatre confondu avec le Fasnet alentour. A chaque coin de rue une surprise, une fontaine, un garde en uniforme d\u2019\u00e9poque, \u00e0 l\u2019entr\u00e9e de l\u2019ancien ch\u00e2teau, de la citadelle, \u00a0les fameuses tours tronqu\u00e9es, la table d\u2019orientation \u00e0 l\u2019inverse de d\u2019habitude pour mieux se situer, le nouveau ch\u00e2teau avec un porche traversant\u00a0 pour rejoindre\u00a0 sa jolie Chapelle en stucs o\u00f9 le sculpteur a laiss\u00e9 sa signature : il manque des cheveux \u00e0 l\u2019un des anges : nous nous mettons en qu\u00eate de le trouver, c\u2019est fait\u00a0!\u00a0 Effectivement, il est chauve !<\/p>\n<p>Nous avons ensuite repris la route pour aller visiter la magnifique \u00e9glise de Birnau, de style baroque, une des plus belles d\u2019Europe, tr\u00e8s lumineuse, travaill\u00e9e et orn\u00e9e, \u00a0dans laquelle nous reconnaissons les \u0153uvres du m\u00eame sculpteur, en cherchant bien, nous avons\u00a0 aper\u00e7u l\u2019ange chauve.<\/p>\n<p>Le soir m\u00eame, dans le hall de la Rathaus de Langenargen, \u00a0une exposition r\u00e9trospective des 25 ann\u00e9es de notre jumelage,\u00a0 \u00a0\u00e9tait affich\u00e9e\u00a0\u00a0 aux \u00a0murs et dispos\u00e9e dans des vitrines.\u00a0 <img loading=\"lazy\" decoding=\"async\" class=\"size-medium wp-image-2408 alignright\" src=\"http:\/\/boisleroijumelage.fr\/wp-content\/uploads\/2016\/11\/DSCN0047-300x225.jpg\" alt=\"[cml_media_alt id='2408']dscn0047[\/cml_media_alt]\" width=\"300\" height=\"225\" srcset=\"http:\/\/boisleroijumelage.fr\/wp-content\/uploads\/2016\/11\/DSCN0047-300x225.jpg 300w, http:\/\/boisleroijumelage.fr\/wp-content\/uploads\/2016\/11\/DSCN0047-768x576.jpg 768w, http:\/\/boisleroijumelage.fr\/wp-content\/uploads\/2016\/11\/DSCN0047-644x483.jpg 644w\" sizes=\"auto, (max-width: 300px) 100vw, 300px\" \/>De nombreuses photos, relataient les \u00e9v\u00e9nements \u00e9coul\u00e9s depuis un quart de si\u00e8cle, \u00e0 l\u2019appui des commentaires allemands. \u00a0De nombreux souvenirs sont ainsi raviv\u00e9s dans les m\u00e9moires\u00a0 des plus anciens, ils expliquent aux \u00ab\u00a0plus r\u00e9cents\u00a0\u00bb \u00a0les circonstances de ces rencontres d\u2019Amiti\u00e9 partag\u00e9e.<\/p>\n<p>Ce fut \u00e9galement une belle initiative de nos amis allemands, d\u2019avoir pr\u00e9vu un arbre \u00e0 pinces qui tr\u00f4ne au centre,\u00a0 et rassemble les photos de tous ceux, allemands comme fran\u00e7ais, qui ont apport\u00e9 des clich\u00e9s d\u2019\u00e9changes franco-allemands ces 25 ann\u00e9es pass\u00e9es\u00a0 qui les \u00e9meuvent, et qu\u2019ils peuvent partager en les accrochant \u00a0ici avec leur l\u00e9gende.<\/p>\n<p><strong><em>Le samedi &#8211; \u00a0Visite de Langenargen, Place Bois le Roi, Tettnang &amp; Gala :<\/em><\/strong><\/p>\n<p>Le matin, \u00a0la visite de Langenargen d\u00e9bute au Schloss Montfort\u00a0 o\u00f9 Gisela Rodinger nous retrace l\u2019histoire de ce beau ch\u00e2teau, tr\u00e8s co\u00fbteux mais qui fait la fiert\u00e9 des habitants, qui en ont h\u00e9rit\u00e9. \u00a0Nous poursuivons notre promenade avec l\u2019Eglise St Martin, tr\u00e8s\u00a0 claire \u00e9galement.\u00a0 Le crieur, personnage embl\u00e9matique, se trouve sur la route principale du centre qui m\u00e8ne \u00e0 la Mairie situ\u00e9e \u00a0derri\u00e8re la fontaine. Ensuite, nous nous dirigeons vers le port o\u00f9 se trouve l&rsquo;office de tourisme. Une magnifique vue sur le lac s&rsquo;offre \u00e0 nos yeux.<\/p>\n<p>Arriv\u00e9s \u00e0 \u00a0l\u2019arbre de mai, nous devons bifurquer sur la gauche pour parvenir \u00e0 la Place Bois le Roi pr\u00e8s de la c\u00e9l\u00e8bre et si bonne boulangerie Metzler. <img loading=\"lazy\" decoding=\"async\" class=\"size-medium wp-image-2410 alignright\" src=\"http:\/\/boisleroijumelage.fr\/wp-content\/uploads\/2016\/11\/DSC_0520-recadr\u00e9e-300x199.jpg\" alt=\"[cml_media_alt id='2410']dsc_0520-recadree[\/cml_media_alt]\" width=\"300\" height=\"199\" srcset=\"http:\/\/boisleroijumelage.fr\/wp-content\/uploads\/2016\/11\/DSC_0520-recadr\u00e9e-300x199.jpg 300w, http:\/\/boisleroijumelage.fr\/wp-content\/uploads\/2016\/11\/DSC_0520-recadr\u00e9e-768x511.jpg 768w, http:\/\/boisleroijumelage.fr\/wp-content\/uploads\/2016\/11\/DSC_0520-recadr\u00e9e-644x428.jpg 644w\" sizes=\"auto, (max-width: 300px) 100vw, 300px\" \/>De jeunes enfants nous attendent avec de beaux \u00a0drapeaux fran\u00e7ais et entonnent des chansons fran\u00e7aises. Sur cette place, 3 nouvelles majestueuses plaques ont \u00e9t\u00e9 ajout\u00e9es, images \u00e0 l\u2019appui des derniers \u00e9changes franco-allemands. Sur le trottoir d\u2019en face une autre colonne retrace les \u00e9changes sportifs entre nos 2 villes jumelles, repr\u00e9sent\u00e9s par les pompons qui voyagent \u00a0d\u2019un pays \u00e0 l\u2019autre chaque ann\u00e9e.<\/p>\n<p>Cette c\u00e9l\u00e9bration f\u00fbt suivie d&rsquo;un\u00a0d\u00e9jeuner au restaurant de Krone \u00e0 Tettnang,\u00a0 avant notre rendez vous pour\u00a0 une int\u00e9ressante visite guid\u00e9e du ch\u00e2teau de la ville,\u00a0 d\u2019ailleurs pr\u00e9sent\u00e9e sous un angle\u00a0 fort diff\u00e9rent d\u2019un groupe \u00e0 l\u2019autre, par chaque guide\u00a0!<\/p>\n<p><strong><em>Le GALA d&rsquo;anniversaire :\u00a0<\/em><\/strong><\/p>\n<p>La Soir\u00e9e de Gala a d\u00e9but\u00e9 au M\u00fcnzhof le samedi 22 octobre par un ap\u00e9ritif, suivi comme il se doit en Allemagne d\u2019un concert de musique, mais cette fois-ci d\u2019un medley\u00a0 de chansons fran\u00e7aises traditionnelles o\u00f9 chacun a pu reprendre \u00a0en ch\u0153ur, avec le groupe Jugendblaorchestra.<img loading=\"lazy\" decoding=\"async\" class=\"size-medium wp-image-2412 alignright\" src=\"http:\/\/boisleroijumelage.fr\/wp-content\/uploads\/2016\/11\/DSCN8557-300x225.jpg\" alt=\"[cml_media_alt id='2412']dscn8557[\/cml_media_alt]\" width=\"300\" height=\"225\" srcset=\"http:\/\/boisleroijumelage.fr\/wp-content\/uploads\/2016\/11\/DSCN8557-300x225.jpg 300w, http:\/\/boisleroijumelage.fr\/wp-content\/uploads\/2016\/11\/DSCN8557-768x576.jpg 768w, http:\/\/boisleroijumelage.fr\/wp-content\/uploads\/2016\/11\/DSCN8557-644x483.jpg 644w\" sizes=\"auto, (max-width: 300px) 100vw, 300px\" \/><\/p>\n<p>Achim Kraft (Maire de Langenargen) et J\u00e9r\u00f4me Mabille, (Maire de Bois le Roi), ont prononc\u00e9 les discours officiels, tous deux en allemand. Puis ce fut au tour des 2 pr\u00e9sidentes respectives des jumelages, Ute Niedermeier (Partnerschaftsverein), et Sylvie Brisse (Bois le Roi jumelage). \u00a0Les serments ont \u00e9t\u00e9 lus par 2 jeunes Elisabeth Niedermeier (Langenargen) et Augustin Bettinelli (Bois le Roi).<\/p>\n<p><img loading=\"lazy\" decoding=\"async\" class=\" wp-image-2411 alignleft\" src=\"http:\/\/boisleroijumelage.fr\/wp-content\/uploads\/2016\/11\/DSCN8942-209x300.jpg\" alt=\"[cml_media_alt id='2411']dscn8942[\/cml_media_alt]\" width=\"148\" height=\"212\" srcset=\"http:\/\/boisleroijumelage.fr\/wp-content\/uploads\/2016\/11\/DSCN8942-209x300.jpg 209w, http:\/\/boisleroijumelage.fr\/wp-content\/uploads\/2016\/11\/DSCN8942-768x1100.jpg 768w, http:\/\/boisleroijumelage.fr\/wp-content\/uploads\/2016\/11\/DSCN8942-644x922.jpg 644w\" sizes=\"auto, (max-width: 148px) 100vw, 148px\" \/>Pour ces noces d&rsquo;argent, Bois le Roi Jumelage a offert au jumelage allemand Partnerschaftsverein, une m\u00e9daille du mariage en argent, grav\u00e9e pour l&rsquo;occasion.<\/p>\n<p>La soir\u00e9e s\u2019est poursuivie avec un pr\u00e9sentateur, magicien, ventriloque qui a su animer et enflammer la salle alternant les effusions d\u2019\u00e9clats de rire et les moments de tendresse. \u00a0Pendant ce temps, nous avons r\u00e9gal\u00e9 nos papilles avec un savoureux repas typique. \u00a0L\u2019activit\u00e9 sportive de v\u00e9lo, qui existe depuis l\u2019origine du jumelage, a \u00e9t\u00e9 mise \u00e0 l\u2019honneur. Quatre &lsquo;couples&rsquo; allemands nous ont pr\u00e9sent\u00e9 des danses baroques en costumes d&rsquo;\u00e9poque, tr\u00e8s appr\u00e9ci\u00e9es, qui furent suivies par le spectacle \u00ab\u00a0le parfum des fleurs de l&rsquo;amiti\u00e9\u00a0\u00bb que nous leur avions pr\u00e9par\u00e9. En effet, 20 fran\u00e7ais sont mont\u00e9s sur sc\u00e8ne pour interpr\u00e9ter un medley de 7 chansons fran\u00e7aises retra\u00e7ant une belle histoire d&rsquo;amiti\u00e9. Cette petite \u00a0graine, plant\u00e9e il y a 25 ans, a germ\u00e9 \u00a0pour devenir de magnifiques fleurs aux couleurs de nos deux drapeaux. \u00a0Pour cloturer cette soir\u00e9e, le pr\u00e9sentateur nous a jou\u00e9 trois morceaux de fl\u00fbte de pan, en signe de paix, qui nous ont tous transport\u00e9. Une belle soir\u00e9e riche en \u00e9motions et en partage d\u2019Amiti\u00e9\u00a0!<\/p>\n<p><strong><em>Le dimanche &#8211; Messe, photo de groupe &amp; retour \u00e0 Bois le Roi :<\/em><\/strong><\/p>\n<p>Apr\u00e8s la traditionnelle messe \u00e0 l&rsquo;intention des fran\u00e7ais, \u00a0la photo du groupe franco-allemand a \u00e9t\u00e9 immortalis\u00e9e avant de reprendre la route, apr\u00e8s de chaleureuses effusions d&rsquo;au-revoir, chacun repartant la t\u00eate remplie de souvenirs.\u00a0<img loading=\"lazy\" decoding=\"async\" class=\" wp-image-2415 alignright\" src=\"http:\/\/boisleroijumelage.fr\/wp-content\/uploads\/2016\/11\/DSC_0646-recadr\u00e9e-recoloris\u00e9e-300x167.jpg\" alt=\"[cml_media_alt id='2415']25 ans de jumelage - BLR Langenargen[\/cml_media_alt]\" width=\"335\" height=\"186\" srcset=\"http:\/\/boisleroijumelage.fr\/wp-content\/uploads\/2016\/11\/DSC_0646-recadr\u00e9e-recoloris\u00e9e-300x167.jpg 300w, http:\/\/boisleroijumelage.fr\/wp-content\/uploads\/2016\/11\/DSC_0646-recadr\u00e9e-recoloris\u00e9e-768x428.jpg 768w, http:\/\/boisleroijumelage.fr\/wp-content\/uploads\/2016\/11\/DSC_0646-recadr\u00e9e-recoloris\u00e9e-644x359.jpg 644w\" sizes=\"auto, (max-width: 335px) 100vw, 335px\" \/><\/p>\n<p>Merci \u00e0 nos amis allemands de nous avoir offert ces moments de joie partag\u00e9s ensemble ! Vielen Dank ! Rendez-vous du 19 au 22 octobre 2017 pour f\u00eater nos 25 ans \u00e0 Bois le Roi avec une d\u00e9l\u00e9gation de 50 allemands&#8230;<\/p>\n<p><a href=\"https:\/\/www.facebook.com\/boisleroilangenargen\/photos\/?tab=album&amp;album_id=896696093763466\" target=\"_blank\">Toutes les photos ici<\/a> ;)<\/p>\n<p>&nbsp;<\/p>\n<blockquote><p>\u00ab\u00a0Un s\u00e9jour inoubliable avec des \u00e9motions fortes, un accueil chaleureux franco-allemand et toute une c\u00e9r\u00e9monie qui restera grav\u00e9e \u00e0 jamais dans mon c\u0153ur. Des moments comme cela ne peuvent s&rsquo;oublier. J&rsquo;aimerais tellement faire partager au monde entier le savoir bien vivre ensemble.\u00a0\u00bb Christine Logez<\/p>\n<p>\u00ab\u00a0Ces quelques jours \u00e0 Langenargen ont \u00e9t\u00e9 un vrai bonheur! \u00a0L &lsquo;amiti\u00e9 partag\u00e9e, la culture \u00e0 la port\u00e9e de tous, une super organisation (merci Sylvie and co!), un \u00a0spectacle de qualit\u00e9, porteur de symboles et de sens \u00a0(merci Didier et Evelyne et tous ceux qui ont particip\u00e9 \u00e0 son \u00e9laboration\u00a0), bref, un v\u00e9ritable jumelage! Vraiment \u00a0tous les ingr\u00e9dients pour des 25 ans grandioses! \u00a0\u00bb Catherine Bettinelli<\/p>\n<p>\u00ab\u00a0Mes remerciements \u00e0 Sylvie et Magalie, ainsi qu&rsquo;aux membres du bureau pour l&rsquo;organisation, aux chanteurs et acteurs pour leur participation.\u00a0\u00bb Michelle Grizard<\/p>\n<p>\u00ab\u00a0C&rsquo;\u00e9tait 3 trois jours super, particuli\u00e8rement la soir\u00e9e de Gala, qui sont pass\u00e9s trop vite.\u00a0\u00bb Philippe Piche<\/p><\/blockquote>\n","protected":false},"excerpt":{"rendered":"<p>Du 20 au 23 octobre 2016, une d\u00e9l\u00e9gation de 50 adh\u00e9rents de Bois le Roi s\u2019est rendue \u00e0 Langenargen, notre ville jumelle du Bade-Wurtemberg en Allemagne du Sud pour f\u00eater notre jubil\u00e9. En effet, cela fait\u00a0 maintenant 25 ans que notre jumelage existe et nous \u00e9tions impatients de nous retrouver entre amis. \u00a0Les serments du&#8230;<\/p>\n","protected":false},"author":1,"featured_media":0,"parent":1155,"menu_order":110,"comment_status":"closed","ping_status":"closed","template":"","meta":{"_kadence_starter_templates_imported_post":false,"_kad_post_transparent":"","_kad_post_title":"","_kad_post_layout":"","_kad_post_sidebar_id":"","_kad_post_content_style":"","_kad_post_vertical_padding":"","_kad_post_feature":"","_kad_post_feature_position":"","_kad_post_header":false,"_kad_post_footer":false,"_kad_post_classname":"","footnotes":""},"class_list":["post-2402","page","type-page","status-publish","hentry"],"_links":{"self":[{"href":"http:\/\/boisleroijumelage.fr\/index.php\/wp-json\/wp\/v2\/pages\/2402","targetHints":{"allow":["GET"]}}],"collection":[{"href":"http:\/\/boisleroijumelage.fr\/index.php\/wp-json\/wp\/v2\/pages"}],"about":[{"href":"http:\/\/boisleroijumelage.fr\/index.php\/wp-json\/wp\/v2\/types\/page"}],"author":[{"embeddable":true,"href":"http:\/\/boisleroijumelage.fr\/index.php\/wp-json\/wp\/v2\/users\/1"}],"replies":[{"embeddable":true,"href":"http:\/\/boisleroijumelage.fr\/index.php\/wp-json\/wp\/v2\/comments?post=2402"}],"version-history":[{"count":15,"href":"http:\/\/boisleroijumelage.fr\/index.php\/wp-json\/wp\/v2\/pages\/2402\/revisions"}],"predecessor-version":[{"id":2613,"href":"http:\/\/boisleroijumelage.fr\/index.php\/wp-json\/wp\/v2\/pages\/2402\/revisions\/2613"}],"up":[{"embeddable":true,"href":"http:\/\/boisleroijumelage.fr\/index.php\/wp-json\/wp\/v2\/pages\/1155"}],"wp:attachment":[{"href":"http:\/\/boisleroijumelage.fr\/index.php\/wp-json\/wp\/v2\/media?parent=2402"}],"curies":[{"name":"wp","href":"https:\/\/api.w.org\/{rel}","templated":true}]}}