{"id":2813,"date":"2017-06-12T13:21:23","date_gmt":"2017-06-12T12:21:23","guid":{"rendered":"http:\/\/boisleroijumelage.fr\/?page_id=2813"},"modified":"2017-08-21T22:53:45","modified_gmt":"2017-08-21T21:53:45","slug":"festival-of-europe-n6-2017","status":"publish","type":"page","link":"http:\/\/boisleroijumelage.fr\/index.php\/activites\/annuelles\/programme-2018\/festival-of-europe-n6-2017\/","title":{"rendered":"Festival of Europe n\u00b06 (2017)"},"content":{"rendered":"<p>Le week end de l&rsquo;ascension caniculaire \u00e9tait aussi celui du <a href=\"http:\/\/www.festivalofeurope.org\" target=\"_blank\">Festival of Europe<\/a> les 27 et 28 mai 2017.<\/p>\n<p>Les th\u00e8mes f\u00e9d\u00e9rateurs pour cette manifestation annuelle sur l&rsquo;Ile de Loisirs de Bois le Roi en Seine et Marne, portaient sur la Bande Dessin\u00e9e Europ\u00e9enne, les langues, et la solidarit\u00e9 !<\/p>\n<p>Comme \u00e0 l&rsquo;accoutum\u00e9, Bois le Roi jumelage y a tenu un stand sur lequel, outre faire conna\u00eetre nos activit\u00e9s, nous y avons propos\u00e9 des cours de langue et vire-langues allemands. De plus, nous avons vendu des bretzels et du jus de pommes allemand. Un quiz \u00e9tait disponible avec des questions sur les noms des BD en allemand&#8230;<\/p>\n<p><img loading=\"lazy\" decoding=\"async\" class=\"alignnone size-large wp-image-2814\" src=\"http:\/\/boisleroijumelage.fr\/wp-content\/uploads\/2017\/08\/Festival-of-Europe-2017-644x362.jpg\" alt=\"[cml_media_alt id='2814']Festival of Europe 2017[\/cml_media_alt]\" width=\"640\" height=\"360\" \/><br \/>\nComme chaque ann\u00e9e, le mieux vivre ensemble, le partage, la convivialit\u00e9 accompagnaient l&rsquo;ensemble des retrouvailles des Europ\u00e9ens, en \u00a0pr\u00e9sence de l\u2019ambassadeur de Lituanie, qui prenait la pr\u00e9sidence de la commission Europ\u00e9enne en juillet dernier. On retrouvait \u00a0tout au long des festivit\u00e9s : d\u00e9monstrations, spectacles, d\u00e9couvertes, conf\u00e9rences, musiques, danses et animations diverses.<br \/>\nLe tout soutenu par une restauration diversifi\u00e9e \u00e0 la recherche de multiples saveurs&#8230;<\/p>\n<p>De quoi saliver d&rsquo;ici l\u00e0 prochaine \u00e9dition&#8230;<br \/>\nBravo et merci aux nombreux participants b\u00e9n\u00e9voles et visiteurs de tous horizons qui ont particip\u00e9 \u00e0 cet \u00e9v\u00e9nement incontournable, depuis 6 ans.<\/p>\n","protected":false},"excerpt":{"rendered":"<p>Le week end de l&rsquo;ascension caniculaire \u00e9tait aussi celui du Festival of Europe les 27 et 28 mai 2017. Les th\u00e8mes f\u00e9d\u00e9rateurs pour cette manifestation annuelle sur l&rsquo;Ile de Loisirs de Bois le Roi en Seine et Marne, portaient sur la Bande Dessin\u00e9e Europ\u00e9enne, les langues, et la solidarit\u00e9 ! Comme \u00e0 l&rsquo;accoutum\u00e9, Bois le&#8230;<\/p>\n","protected":false},"author":1,"featured_media":2814,"parent":2626,"menu_order":30,"comment_status":"closed","ping_status":"closed","template":"","meta":{"_kadence_starter_templates_imported_post":false,"_kad_post_transparent":"","_kad_post_title":"","_kad_post_layout":"","_kad_post_sidebar_id":"","_kad_post_content_style":"","_kad_post_vertical_padding":"","_kad_post_feature":"","_kad_post_feature_position":"","_kad_post_header":false,"_kad_post_footer":false,"_kad_post_classname":"","footnotes":""},"class_list":["post-2813","page","type-page","status-publish","has-post-thumbnail","hentry"],"_links":{"self":[{"href":"http:\/\/boisleroijumelage.fr\/index.php\/wp-json\/wp\/v2\/pages\/2813","targetHints":{"allow":["GET"]}}],"collection":[{"href":"http:\/\/boisleroijumelage.fr\/index.php\/wp-json\/wp\/v2\/pages"}],"about":[{"href":"http:\/\/boisleroijumelage.fr\/index.php\/wp-json\/wp\/v2\/types\/page"}],"author":[{"embeddable":true,"href":"http:\/\/boisleroijumelage.fr\/index.php\/wp-json\/wp\/v2\/users\/1"}],"replies":[{"embeddable":true,"href":"http:\/\/boisleroijumelage.fr\/index.php\/wp-json\/wp\/v2\/comments?post=2813"}],"version-history":[{"count":4,"href":"http:\/\/boisleroijumelage.fr\/index.php\/wp-json\/wp\/v2\/pages\/2813\/revisions"}],"predecessor-version":[{"id":2849,"href":"http:\/\/boisleroijumelage.fr\/index.php\/wp-json\/wp\/v2\/pages\/2813\/revisions\/2849"}],"up":[{"embeddable":true,"href":"http:\/\/boisleroijumelage.fr\/index.php\/wp-json\/wp\/v2\/pages\/2626"}],"wp:featuredmedia":[{"embeddable":true,"href":"http:\/\/boisleroijumelage.fr\/index.php\/wp-json\/wp\/v2\/media\/2814"}],"wp:attachment":[{"href":"http:\/\/boisleroijumelage.fr\/index.php\/wp-json\/wp\/v2\/media?parent=2813"}],"curies":[{"name":"wp","href":"https:\/\/api.w.org\/{rel}","templated":true}]}}