{"id":530,"date":"2015-04-16T23:22:43","date_gmt":"2015-04-16T21:22:43","guid":{"rendered":"http:\/\/boisleroijumelage.olympe.in\/?page_id=530"},"modified":"2016-09-12T13:03:50","modified_gmt":"2016-09-12T12:03:50","slug":"radtur-en-baviere-2010","status":"publish","type":"page","link":"http:\/\/boisleroijumelage.fr\/index.php\/activites\/annuelles\/activites-2010\/radtur-en-baviere-2010\/","title":{"rendered":"Radtur en Bavi\u00e8re 2010"},"content":{"rendered":"<p><span style=\"color: #000000;\">Magnifique randonn\u00e9e \u00e0 v\u00e9lo du Bodensee au K\u00f6nigsee<\/span><\/p>\n<p><a title=\"Ici le compte-rendu et les photos !\" href=\"\/wp-content\/uploads\/2015\/04\/Radtur-en-Bavi\u00e8re-Randonnee_a_velo_du_Bodensee_au_Konigsee.pdf\" target=\"_blank\">Ici le compte-rendu et les photos !<\/a><\/p>\n<p><em><span style=\"color: #000000;\">M\u00eame la presse en\u00a0a parl\u00e9 (article paru dans la R\u00e9p. de Seine et Marne du 26\/07\/10)<\/span><\/em><\/p>\n<p><a href=\"\/wp-content\/uploads\/2015\/04\/Radtur-Bavi\u00e8re-article_dans_la_Rep.jpg\"><img loading=\"lazy\" decoding=\"async\" class=\"aligncenter wp-image-538 size-full\" src=\"http:\/\/boisleroijumelage.fr\/wp-content\/uploads\/2015\/04\/Radtur-Bavi\u00e8re-article_dans_la_Rep.jpg\" alt=\"[cml_media_alt id='538']Radtur Bavi\u00e8re - article_dans_la_Rep[\/cml_media_alt]\" width=\"826\" height=\"568\" \/><\/a><\/p>\n","protected":false},"excerpt":{"rendered":"<p>Magnifique randonn\u00e9e \u00e0 v\u00e9lo du Bodensee au K\u00f6nigsee Ici le compte-rendu et les photos ! M\u00eame la presse en\u00a0a parl\u00e9 (article paru dans la R\u00e9p. de Seine et Marne du 26\/07\/10)<\/p>\n","protected":false},"author":1,"featured_media":0,"parent":407,"menu_order":0,"comment_status":"closed","ping_status":"closed","template":"","meta":{"_kadence_starter_templates_imported_post":false,"_kad_post_transparent":"","_kad_post_title":"","_kad_post_layout":"","_kad_post_sidebar_id":"","_kad_post_content_style":"","_kad_post_vertical_padding":"","_kad_post_feature":"","_kad_post_feature_position":"","_kad_post_header":false,"_kad_post_footer":false,"_kad_post_classname":"","footnotes":""},"class_list":["post-530","page","type-page","status-publish","hentry"],"_links":{"self":[{"href":"http:\/\/boisleroijumelage.fr\/index.php\/wp-json\/wp\/v2\/pages\/530","targetHints":{"allow":["GET"]}}],"collection":[{"href":"http:\/\/boisleroijumelage.fr\/index.php\/wp-json\/wp\/v2\/pages"}],"about":[{"href":"http:\/\/boisleroijumelage.fr\/index.php\/wp-json\/wp\/v2\/types\/page"}],"author":[{"embeddable":true,"href":"http:\/\/boisleroijumelage.fr\/index.php\/wp-json\/wp\/v2\/users\/1"}],"replies":[{"embeddable":true,"href":"http:\/\/boisleroijumelage.fr\/index.php\/wp-json\/wp\/v2\/comments?post=530"}],"version-history":[{"count":3,"href":"http:\/\/boisleroijumelage.fr\/index.php\/wp-json\/wp\/v2\/pages\/530\/revisions"}],"predecessor-version":[{"id":2163,"href":"http:\/\/boisleroijumelage.fr\/index.php\/wp-json\/wp\/v2\/pages\/530\/revisions\/2163"}],"up":[{"embeddable":true,"href":"http:\/\/boisleroijumelage.fr\/index.php\/wp-json\/wp\/v2\/pages\/407"}],"wp:attachment":[{"href":"http:\/\/boisleroijumelage.fr\/index.php\/wp-json\/wp\/v2\/media?parent=530"}],"curies":[{"name":"wp","href":"https:\/\/api.w.org\/{rel}","templated":true}]}}