{"id":546,"date":"2015-04-17T00:10:26","date_gmt":"2015-04-16T22:10:26","guid":{"rendered":"http:\/\/boisleroijumelage.olympe.in\/?page_id=546"},"modified":"2016-09-12T13:04:10","modified_gmt":"2016-09-12T12:04:10","slug":"semaine-des-jeunes-2010","status":"publish","type":"page","link":"http:\/\/boisleroijumelage.fr\/index.php\/activites\/annuelles\/activites-2010\/semaine-des-jeunes-2010\/","title":{"rendered":"Semaine des jeunes 2010"},"content":{"rendered":"<p>C&rsquo;est \u00e0 Langenargen que, cette ann\u00e9e, les jeunes et leurs parents ont pratiqu\u00e9 un stage\u00a0de musique et de chant du 02 au 08 ao\u00fbt.<img loading=\"lazy\" decoding=\"async\" class=\"size-full wp-image-548 alignright\" src=\"http:\/\/boisleroijumelage.fr\/wp-content\/uploads\/2015\/04\/Semaine-des-jeunes-musique-et-chant.jpg\" alt=\"[cml_media_alt id='548']Semaine des jeunes musique et chant[\/cml_media_alt]\" width=\"450\" height=\"337\" \/><\/p>\n<p><a title=\"D\u00e9couvrez le programme et les photos !\" href=\"\/wp-content\/uploads\/2015\/04\/Semaine-des-jeunes-LA_BEMOL.pdf\">D\u00e9couvrez le programme et les photos !<\/a><\/p>\n","protected":false},"excerpt":{"rendered":"<p>C&rsquo;est \u00e0 Langenargen que, cette ann\u00e9e, les jeunes et leurs parents ont pratiqu\u00e9 un stage\u00a0de musique et de chant du 02 au 08 ao\u00fbt. D\u00e9couvrez le programme et les photos !<\/p>\n","protected":false},"author":1,"featured_media":0,"parent":407,"menu_order":20,"comment_status":"closed","ping_status":"closed","template":"","meta":{"_kadence_starter_templates_imported_post":false,"_kad_post_transparent":"","_kad_post_title":"","_kad_post_layout":"","_kad_post_sidebar_id":"","_kad_post_content_style":"","_kad_post_vertical_padding":"","_kad_post_feature":"","_kad_post_feature_position":"","_kad_post_header":false,"_kad_post_footer":false,"_kad_post_classname":"","footnotes":""},"class_list":["post-546","page","type-page","status-publish","hentry"],"_links":{"self":[{"href":"http:\/\/boisleroijumelage.fr\/index.php\/wp-json\/wp\/v2\/pages\/546","targetHints":{"allow":["GET"]}}],"collection":[{"href":"http:\/\/boisleroijumelage.fr\/index.php\/wp-json\/wp\/v2\/pages"}],"about":[{"href":"http:\/\/boisleroijumelage.fr\/index.php\/wp-json\/wp\/v2\/types\/page"}],"author":[{"embeddable":true,"href":"http:\/\/boisleroijumelage.fr\/index.php\/wp-json\/wp\/v2\/users\/1"}],"replies":[{"embeddable":true,"href":"http:\/\/boisleroijumelage.fr\/index.php\/wp-json\/wp\/v2\/comments?post=546"}],"version-history":[{"count":2,"href":"http:\/\/boisleroijumelage.fr\/index.php\/wp-json\/wp\/v2\/pages\/546\/revisions"}],"predecessor-version":[{"id":2169,"href":"http:\/\/boisleroijumelage.fr\/index.php\/wp-json\/wp\/v2\/pages\/546\/revisions\/2169"}],"up":[{"embeddable":true,"href":"http:\/\/boisleroijumelage.fr\/index.php\/wp-json\/wp\/v2\/pages\/407"}],"wp:attachment":[{"href":"http:\/\/boisleroijumelage.fr\/index.php\/wp-json\/wp\/v2\/media?parent=546"}],"curies":[{"name":"wp","href":"https:\/\/api.w.org\/{rel}","templated":true}]}}