{"id":815,"date":"2015-06-21T15:30:48","date_gmt":"2015-06-21T13:30:48","guid":{"rendered":"http:\/\/boisleroijumelage.olympe.in\/?page_id=815"},"modified":"2016-09-12T13:14:17","modified_gmt":"2016-09-12T12:14:17","slug":"voyage-du-centre-de-loisirs-a-langenargen-2013","status":"publish","type":"page","link":"http:\/\/boisleroijumelage.fr\/index.php\/activites\/annuelles\/activites-2013\/voyage-du-centre-de-loisirs-a-langenargen-2013\/","title":{"rendered":"Voyage du centre de loisirs \u00e0 Langenargen (2013)"},"content":{"rendered":"<p><span style=\"color: #000000;\"><img loading=\"lazy\" decoding=\"async\" class=\"alignright wp-image-1241\" src=\"http:\/\/boisleroijumelage.fr\/wp-content\/uploads\/2015\/06\/voyage-centre-de-loisirs.jpg\" alt=\"[cml_media_alt id='1241']voyage centre de loisirs[\/cml_media_alt]\" width=\"400\" height=\"235\" \/>Du 7 au 14 juillet dernier, 10 jeunes bacots de 10 \u00e0 12 ans ont d\u00e9couvert les rives du\u00a0Lac de Constance. Organis\u00e9 par le centre de loisirs \u00ab\u00a0Le Soleil Bacot\u00a0\u00bb et encadr\u00e9 par Aur\u00e9lien Cochet, \u00a0professeur d\u2019allemand au coll\u00e8ge Denecourt, le s\u00e9jour a \u00e9t\u00e9 anim\u00e9 de nombreuses activit\u00e9s ludiques\u00a0et culturelles. Une occasion pour les enfants de communiquer en allemand.<\/span><\/p>\n","protected":false},"excerpt":{"rendered":"<p>Du 7 au 14 juillet dernier, 10 jeunes bacots de 10 \u00e0 12 ans ont d\u00e9couvert les rives du\u00a0Lac de Constance. Organis\u00e9 par le centre de loisirs \u00ab\u00a0Le Soleil Bacot\u00a0\u00bb et encadr\u00e9 par Aur\u00e9lien Cochet, \u00a0professeur d\u2019allemand au coll\u00e8ge Denecourt, le s\u00e9jour a \u00e9t\u00e9 anim\u00e9 de nombreuses activit\u00e9s ludiques\u00a0et culturelles. Une occasion pour les enfants&#8230;<\/p>\n","protected":false},"author":1,"featured_media":0,"parent":413,"menu_order":0,"comment_status":"closed","ping_status":"open","template":"","meta":{"_kadence_starter_templates_imported_post":false,"_kad_post_transparent":"","_kad_post_title":"","_kad_post_layout":"","_kad_post_sidebar_id":"","_kad_post_content_style":"","_kad_post_vertical_padding":"","_kad_post_feature":"","_kad_post_feature_position":"","_kad_post_header":false,"_kad_post_footer":false,"_kad_post_classname":"","footnotes":""},"class_list":["post-815","page","type-page","status-publish","hentry"],"_links":{"self":[{"href":"http:\/\/boisleroijumelage.fr\/index.php\/wp-json\/wp\/v2\/pages\/815","targetHints":{"allow":["GET"]}}],"collection":[{"href":"http:\/\/boisleroijumelage.fr\/index.php\/wp-json\/wp\/v2\/pages"}],"about":[{"href":"http:\/\/boisleroijumelage.fr\/index.php\/wp-json\/wp\/v2\/types\/page"}],"author":[{"embeddable":true,"href":"http:\/\/boisleroijumelage.fr\/index.php\/wp-json\/wp\/v2\/users\/1"}],"replies":[{"embeddable":true,"href":"http:\/\/boisleroijumelage.fr\/index.php\/wp-json\/wp\/v2\/comments?post=815"}],"version-history":[{"count":2,"href":"http:\/\/boisleroijumelage.fr\/index.php\/wp-json\/wp\/v2\/pages\/815\/revisions"}],"predecessor-version":[{"id":2214,"href":"http:\/\/boisleroijumelage.fr\/index.php\/wp-json\/wp\/v2\/pages\/815\/revisions\/2214"}],"up":[{"embeddable":true,"href":"http:\/\/boisleroijumelage.fr\/index.php\/wp-json\/wp\/v2\/pages\/413"}],"wp:attachment":[{"href":"http:\/\/boisleroijumelage.fr\/index.php\/wp-json\/wp\/v2\/media?parent=815"}],"curies":[{"name":"wp","href":"https:\/\/api.w.org\/{rel}","templated":true}]}}