{"id":1751,"date":"2016-03-31T17:03:54","date_gmt":"2016-03-31T16:03:54","guid":{"rendered":"http:\/\/boisleroijumelage.fr\/?page_id=1751"},"modified":"2016-04-17T22:46:50","modified_gmt":"2016-04-17T21:46:50","slug":"nos-villes-jumelles","status":"publish","type":"page","link":"https:\/\/boisleroijumelage.fr\/index.php\/nos-villes-jumelles\/","title":{"rendered":"Nos villes jumelles"},"content":{"rendered":"<h2 class=\"entry-title\">Bois le Roi<\/h2>\n<p>Commune de Seine et Marne, situ\u00e9e entre la Seine et la for\u00eat de Fontainebleau \u00e0 environ 60 km de Paris.<\/p>\n<p>A voir : \u00a0l&rsquo;\u00e9glise Saint-Pierre (\u00e9glise \u00e0 3 nefs, presque enti\u00e8rement reconstruite en 1838\/40, tour du 12e si\u00e8cle ; ch\u00e2ssis en bois dor\u00e9 \u00e0 personnages, orgue de 1960, fonts baptismaux en pierre du 16e si\u00e8cle.)<\/p>\n<p>Envie d&rsquo;en connaitre plus sur le blason de Bois le Roi \u00a0? \u00a0<a title=\"Le blason de Bois le Roi\" href=\"http:\/\/boisleroijumelage.fr\/index.php\/2014\/07\/27\/le-blason-de-bois-le-roi\/\">D\u00e9couvrez vite notre article !\u00a0<\/a><\/p>\n<h2 class=\"entry-title\">Langenargen<\/h2>\n<p style=\"color: #000000;\">Commune du Bade-Wurtemberg, situ\u00e9e sur la rive du lac de Constance, non loin de FRIEDRICHSHAFEN.<\/p>\n<p style=\"color: #000000;\">\u00a0<em>A voir :<\/em><\/p>\n<p style=\"color: #000000;\"><span style=\"text-decoration: underline;\">Le ch\u00e2teau de Montfort<\/span>\u00a0de \u00ab\u00a0style mauresque\u00a0\u00bb. Actuelle propri\u00e9t\u00e9 de la commune de Langenargen.<\/p>\n<p style=\"color: #000000;\"><span style=\"text-decoration: underline;\">Eglise baroque Saint-Martin<\/span>, construite sur ordre du comte Anton III de Montfort, \u00e0 partir de 1718.<\/p>\n<p>Envie d&rsquo;en connaitre plus sur le blason de notre ville jumelle ? \u00a0<a href=\"http:\/\/boisleroijumelage.fr\/index.php\/2014\/07\/27\/le-blason-de-langenargen\/\">D\u00e9couvrez vite notre article !\u00a0<\/a><\/p>\n","protected":false},"excerpt":{"rendered":"<p>Bois le Roi Commune de Seine et Marne, situ\u00e9e entre la Seine et la for\u00eat de Fontainebleau \u00e0 environ 60 km de Paris. A voir : \u00a0l&rsquo;\u00e9glise Saint-Pierre (\u00e9glise \u00e0 3 nefs, presque enti\u00e8rement reconstruite en 1838\/40, tour du 12e si\u00e8cle ; ch\u00e2ssis en bois dor\u00e9 \u00e0 personnages, orgue de 1960, fonts baptismaux en pierre&#8230;<\/p>\n","protected":false},"author":1,"featured_media":0,"parent":0,"menu_order":10,"comment_status":"closed","ping_status":"closed","template":"","meta":{"_kadence_starter_templates_imported_post":false,"_kad_post_transparent":"","_kad_post_title":"","_kad_post_layout":"","_kad_post_sidebar_id":"","_kad_post_content_style":"","_kad_post_vertical_padding":"","_kad_post_feature":"","_kad_post_feature_position":"","_kad_post_header":false,"_kad_post_footer":false,"_kad_post_classname":"","footnotes":""},"class_list":["post-1751","page","type-page","status-publish","hentry"],"_links":{"self":[{"href":"https:\/\/boisleroijumelage.fr\/index.php\/wp-json\/wp\/v2\/pages\/1751","targetHints":{"allow":["GET"]}}],"collection":[{"href":"https:\/\/boisleroijumelage.fr\/index.php\/wp-json\/wp\/v2\/pages"}],"about":[{"href":"https:\/\/boisleroijumelage.fr\/index.php\/wp-json\/wp\/v2\/types\/page"}],"author":[{"embeddable":true,"href":"https:\/\/boisleroijumelage.fr\/index.php\/wp-json\/wp\/v2\/users\/1"}],"replies":[{"embeddable":true,"href":"https:\/\/boisleroijumelage.fr\/index.php\/wp-json\/wp\/v2\/comments?post=1751"}],"version-history":[{"count":3,"href":"https:\/\/boisleroijumelage.fr\/index.php\/wp-json\/wp\/v2\/pages\/1751\/revisions"}],"predecessor-version":[{"id":1969,"href":"https:\/\/boisleroijumelage.fr\/index.php\/wp-json\/wp\/v2\/pages\/1751\/revisions\/1969"}],"wp:attachment":[{"href":"https:\/\/boisleroijumelage.fr\/index.php\/wp-json\/wp\/v2\/media?parent=1751"}],"curies":[{"name":"wp","href":"https:\/\/api.w.org\/{rel}","templated":true}]}}