{"id":1768,"date":"2016-03-31T17:33:55","date_gmt":"2016-03-31T16:33:55","guid":{"rendered":"http:\/\/boisleroijumelage.fr\/?page_id=1768"},"modified":"2025-06-06T04:45:03","modified_gmt":"2025-06-06T03:45:03","slug":"lequipe","status":"publish","type":"page","link":"https:\/\/boisleroijumelage.fr\/index.php\/lassociation\/lequipe\/","title":{"rendered":"L&rsquo;\u00e9quipe"},"content":{"rendered":"<p><span style=\"color: #000000;\">Les membres du Bureau et du Conseil d&rsquo;Administration sont \u00e9lus pour\u00a0trois ans lors de l&rsquo;Assembl\u00e9e G\u00e9n\u00e9rale annuelle.<\/span><\/p>\n<p><img loading=\"lazy\" decoding=\"async\" class=\"size-medium wp-image-3246 aligncenter\" src=\"http:\/\/boisleroijumelage.fr\/wp-content\/uploads\/2025\/06\/Comit\u00e9-Jumelage-2025-300x233.jpg\" alt=\"\" width=\"300\" height=\"233\" srcset=\"https:\/\/boisleroijumelage.fr\/wp-content\/uploads\/2025\/06\/Comit\u00e9-Jumelage-2025-300x233.jpg 300w, https:\/\/boisleroijumelage.fr\/wp-content\/uploads\/2025\/06\/Comit\u00e9-Jumelage-2025-768x598.jpg 768w, https:\/\/boisleroijumelage.fr\/wp-content\/uploads\/2025\/06\/Comit\u00e9-Jumelage-2025-644x501.jpg 644w\" sizes=\"auto, (max-width: 300px) 100vw, 300px\" \/><\/p>\n<p>&nbsp;<\/p>\n<h5>Bureau<\/h5>\n<table style=\"color: #000000; height: 207px;\" border=\"0\" width=\"652\" cellspacing=\"1\" cellpadding=\"1\" align=\"center\">\n<tbody>\n<tr>\n<td align=\"left\" valign=\"center\" nowrap=\"nowrap\">Katya HIRSCH<\/td>\n<td align=\"left\" valign=\"center\" nowrap=\"nowrap\"><em>Pr\u00e9sidente<\/em><\/td>\n<\/tr>\n<tr>\n<td align=\"left\" valign=\"center\" nowrap=\"nowrap\">Guy BARBARIN<\/td>\n<td align=\"left\" valign=\"center\" nowrap=\"nowrap\"><em>Vice-pr\u00e9sident<\/em><\/td>\n<\/tr>\n<tr>\n<td align=\"left\" valign=\"center\" nowrap=\"nowrap\">Pascal PILLET<\/td>\n<td align=\"left\" valign=\"center\" nowrap=\"nowrap\"><em>Secr\u00e9taire<\/em><\/td>\n<\/tr>\n<tr>\n<td align=\"left\" valign=\"center\" nowrap=\"nowrap\">Carole CHAILLOU<\/td>\n<td align=\"left\" valign=\"center\" nowrap=\"nowrap\"><em>Tr\u00e9sori\u00e8re<\/em><\/td>\n<\/tr>\n<tr>\n<td align=\"left\" valign=\"center\" nowrap=\"nowrap\">Beno\u00eet SENECHAL<\/td>\n<td align=\"left\" valign=\"center\" nowrap=\"nowrap\"><em>Tr\u00e9sorier-adjoint, gestion technique du site internet<\/em><\/td>\n<\/tr>\n<tr>\n<td align=\"left\" valign=\"center\" nowrap=\"nowrap\">Didier DURANT<\/td>\n<td align=\"left\" valign=\"center\" nowrap=\"nowrap\"><em>R\u00e9f\u00e9rent Mairie<\/em><\/td>\n<\/tr>\n<\/tbody>\n<\/table>\n<h5><\/h5>\n<h5>Membres du conseil d&rsquo;administration<\/h5>\n<table style=\"color: #000000; height: 191px;\" border=\"0\" width=\"652\" cellspacing=\"1\" cellpadding=\"1\" align=\"center\">\n<tbody>\n<tr>\n<td>Martine BARBARIN<\/td>\n<td align=\"left\" valign=\"center\" nowrap=\"nowrap\"><em>F\u00eates et c\u00e9r\u00e9monies<\/em><\/td>\n<\/tr>\n<tr>\n<td>Claudine BOUGUIN<\/td>\n<td align=\"left\" valign=\"center\" nowrap=\"nowrap\"><em>F\u00eates et c\u00e9r\u00e9monies<\/em><\/td>\n<\/tr>\n<tr>\n<td>Sabine GOUJON-PILLET<\/td>\n<td align=\"left\" valign=\"center\" nowrap=\"nowrap\"><em>Charg\u00e9e de la culture et Kino<\/em><\/td>\n<\/tr>\n<tr>\n<td>Michel JALENQUES<\/td>\n<td align=\"left\" valign=\"center\" nowrap=\"nowrap\"><em>Charg\u00e9 des sports, gestion locaux, courrier<\/em><\/td>\n<\/tr>\n<tr>\n<td>Gilles POCHELU<\/td>\n<td align=\"left\" valign=\"center\" nowrap=\"nowrap\"><em>Deutsch Kaf\u00e9 et Kino<\/em><\/td>\n<\/tr>\n<tr>\n<td>Mireille SALTEL<\/td>\n<td align=\"left\" valign=\"center\" nowrap=\"nowrap\"><em>F\u00eates et c\u00e9r\u00e9monies<\/em><\/td>\n<\/tr>\n<tr>\n<td>Marine VANHOESERLANDE<\/td>\n<td align=\"left\" valign=\"center\" nowrap=\"nowrap\"><em>Communications et relations ext\u00e9rieures, subventions, site\u00a0<\/em><br \/>\ninternet, comptes Facebook et Instagram<\/td>\n<\/tr>\n<tr>\n<td>Ludivine VITRANT<\/td>\n<td align=\"left\" valign=\"center\" nowrap=\"nowrap\">Recherche et organisation de voyages<\/td>\n<\/tr>\n<\/tbody>\n<\/table>\n","protected":false},"excerpt":{"rendered":"<p>Les membres du Bureau et du Conseil d&rsquo;Administration sont \u00e9lus pour\u00a0trois ans lors de l&rsquo;Assembl\u00e9e G\u00e9n\u00e9rale annuelle. &nbsp; Bureau Katya HIRSCH Pr\u00e9sidente Guy BARBARIN Vice-pr\u00e9sident Pascal PILLET Secr\u00e9taire Carole CHAILLOU Tr\u00e9sori\u00e8re Beno\u00eet SENECHAL Tr\u00e9sorier-adjoint, gestion technique du site internet Didier DURANT R\u00e9f\u00e9rent Mairie Membres du conseil d&rsquo;administration Martine BARBARIN F\u00eates et c\u00e9r\u00e9monies Claudine BOUGUIN F\u00eates&#8230;<\/p>\n","protected":false},"author":1,"featured_media":0,"parent":1762,"menu_order":10,"comment_status":"closed","ping_status":"closed","template":"","meta":{"_kadence_starter_templates_imported_post":false,"_kad_post_transparent":"","_kad_post_title":"","_kad_post_layout":"","_kad_post_sidebar_id":"","_kad_post_content_style":"","_kad_post_vertical_padding":"","_kad_post_feature":"","_kad_post_feature_position":"","_kad_post_header":false,"_kad_post_footer":false,"_kad_post_classname":"","footnotes":""},"class_list":["post-1768","page","type-page","status-publish","hentry"],"_links":{"self":[{"href":"https:\/\/boisleroijumelage.fr\/index.php\/wp-json\/wp\/v2\/pages\/1768","targetHints":{"allow":["GET"]}}],"collection":[{"href":"https:\/\/boisleroijumelage.fr\/index.php\/wp-json\/wp\/v2\/pages"}],"about":[{"href":"https:\/\/boisleroijumelage.fr\/index.php\/wp-json\/wp\/v2\/types\/page"}],"author":[{"embeddable":true,"href":"https:\/\/boisleroijumelage.fr\/index.php\/wp-json\/wp\/v2\/users\/1"}],"replies":[{"embeddable":true,"href":"https:\/\/boisleroijumelage.fr\/index.php\/wp-json\/wp\/v2\/comments?post=1768"}],"version-history":[{"count":15,"href":"https:\/\/boisleroijumelage.fr\/index.php\/wp-json\/wp\/v2\/pages\/1768\/revisions"}],"predecessor-version":[{"id":3247,"href":"https:\/\/boisleroijumelage.fr\/index.php\/wp-json\/wp\/v2\/pages\/1768\/revisions\/3247"}],"up":[{"embeddable":true,"href":"https:\/\/boisleroijumelage.fr\/index.php\/wp-json\/wp\/v2\/pages\/1762"}],"wp:attachment":[{"href":"https:\/\/boisleroijumelage.fr\/index.php\/wp-json\/wp\/v2\/media?parent=1768"}],"curies":[{"name":"wp","href":"https:\/\/api.w.org\/{rel}","templated":true}]}}