{"id":1815,"date":"2016-03-31T18:27:34","date_gmt":"2016-03-31T17:27:34","guid":{"rendered":"http:\/\/boisleroijumelage.fr\/?page_id=1815"},"modified":"2025-09-07T07:42:55","modified_gmt":"2025-09-07T06:42:55","slug":"presse","status":"publish","type":"page","link":"https:\/\/boisleroijumelage.fr\/index.php\/presse\/","title":{"rendered":"Presse"},"content":{"rendered":"<h4>Bois le Roi Magazine<\/h4>\n<p>Chaque ann\u00e9e, retrouvez le d\u00e9tail de nos activit\u00e9s dans \u00ab\u00a0Bois le Roi Magazine\u00a0\u00bb\u00a0pour le \u00a0\u00a0nouvel an. L&rsquo;occasion de se rappeler les bons moments pass\u00e9s, et en images s&rsquo;il vous plait ! :D<\/p>\n<p style=\"padding-left: 30px;\"><a href=\"\/wp-content\/uploads\/2014\/07\/article-bois-le-roi-magazine-nouvelle-version2-avec-bandeaux.pdf\" target=\"_blank\" rel=\"noopener\">Bois-le-Roi-magazine-2014<\/a><\/p>\n<p style=\"padding-left: 30px;\"><a href=\"\/wp-content\/uploads\/2014\/07\/Bois-le-Roi-magazine-2013-1-ConvertImage.pdf\" target=\"_blank\" rel=\"noopener\">Bois-le-Roi-magazine-2013<\/a><\/p>\n<p style=\"padding-left: 30px;\"><a href=\"\/wp-content\/uploads\/2014\/07\/Bois-le-Roi-magazine-2012-ConvertImage.pdf\" target=\"_blank\" rel=\"noopener\">Bois-le-Roi-magazine-2012<\/a><\/p>\n<p style=\"padding-left: 30px;\"><a href=\"\/wp-content\/uploads\/2014\/07\/Bois-le-Roi-magazine-2011-ConvertImage.pdf\" target=\"_blank\" rel=\"noopener\">Bois-le-Roi-magazine-2011<\/a><\/p>\n<p style=\"padding-left: 30px;\"><a href=\"\/wp-content\/uploads\/2014\/07\/Bois-le-Roi-magazine-2010-ConvertImage.pdf\" target=\"_blank\" rel=\"noopener\">Bois-le-Roi-magazine-2010<\/a><\/p>\n<p style=\"padding-left: 30px;\"><a href=\"\/wp-content\/uploads\/2014\/07\/Bois-le-Roi-magazine-2000-1-ConvertImage.pdf\" target=\"_blank\" rel=\"noopener\">Bois-le-Roi-magazine-2000<\/a><\/p>\n<h4><span style=\"color: #333333;\"><span style=\"color: #333333;\">Partnerschaft Aktuell<\/span><\/span><\/h4>\n<p>Nos amis allemands \u00e9ditent chaque fin d&rsquo;ann\u00e9e le \u00ab\u00a0Partnerschaft Aktuell\u00a0\u00bb, r\u00e9capitulatif de l&rsquo;ann\u00e9e \u00e9coul\u00e9e.\u00a0Pensez \u00e0 y jeter un coup d&rsquo;oeil, ce n&rsquo;est pas parce que c&rsquo;est en allemand que vous ne comprendrez pas tout, les photos, c&rsquo;est international ! ;)<\/p>\n<p style=\"padding-left: 30px;\"><a href=\"\/wp-content\/uploads\/2014\/07\/2015PV_Aktuell.pdf\">Partnerschaft Aktuell 2015<\/a><\/p>\n<p style=\"padding-left: 30px;\"><a href=\"\/wp-content\/uploads\/2014\/07\/Partnerschaft_aktuell_2014_gesamt.pdf\" target=\"_blank\" rel=\"noopener\">Partnerschaft Aktuell 2014<\/a><\/p>\n<p style=\"padding-left: 30px;\"><a href=\"\/wp-content\/uploads\/2014\/07\/PV-aktuell-2013.compressed.pdf\" target=\"_blank\" rel=\"noopener\">Partnerschaft Aktuell 2013<\/a><\/p>\n<p style=\"padding-left: 30px;\"><a href=\"\/wp-content\/uploads\/2014\/07\/pv_aktuell-2012.pdf\" target=\"_blank\" rel=\"noopener\">Partnerschaft Aktuell 2012<\/a><\/p>\n<p style=\"padding-left: 30px;\"><a href=\"\/wp-content\/uploads\/2014\/07\/Partnerschaft-Aktuell-2011.pdf\" target=\"_blank\" rel=\"noopener\">Partnerschaft Aktuell 2011<\/a><\/p>\n<h4><span style=\"color: #333333;\"><span style=\"color: #333333;\">Articles de presse<\/span><\/span><\/h4>\n<p>Parce que notre jumelage est \u00e9galement connu dans la presse, voici ici quelques articles de journaux sur notre jumelage !<\/p>\n<ul>\n<li>\n<h6>\u00a0<span style=\"color: #222222;\">Schw\u00e4bische Zeitung<\/span><\/h6>\n<\/li>\n<\/ul>\n<p><a href=\"\/wp-content\/uploads\/2014\/07\/Langenargen-AG-jumelage-mars-20130001.compressed.pdf\" target=\"_blank\" rel=\"noopener\">Schw\u00e4bische Zeitung Langenargen<\/a>\u00a08 mars 2013<\/p>\n<ul>\n<li>\n<h6>\u00a0<span style=\"color: #222222;\">S\u00fcdkurier<\/span><\/h6>\n<\/li>\n<\/ul>\n<p><a title=\"S\u00fcdkurier - 15 du jumelage \u00e0 Bois le Roi\" href=\"http:\/\/http:\/\/www.suedkurier.de\/region\/bodenseekreis-oberschwaben\/langenargen\/Partnerschaft-mit-Kopf-und-Herz;art372483,2853597\" target=\"_blank\" rel=\"noopener\">S\u00fcdkurier &#8211; 15 ans du jumelage \u00e0 Bois le Roi<\/a> 16 octobre 2007<\/p>\n<ul>\n<li>\n<h6>\u00a0Divers<\/h6>\n<\/li>\n<\/ul>\n<p><a href=\"http:\/\/www.constance-legrip.eu\/lire\/lamitie-franco-allemande-celebree-a-bois-le-roi.html\" target=\"_blank\" rel=\"noopener\">L&rsquo;amiti\u00e9 franco-allemande pour les 20 ans du jumelage<\/a>, par Constance Le Grip le 13 octobre 2012<\/p>\n","protected":false},"excerpt":{"rendered":"<p>Bois le Roi Magazine Chaque ann\u00e9e, retrouvez le d\u00e9tail de nos activit\u00e9s dans \u00ab\u00a0Bois le Roi Magazine\u00a0\u00bb\u00a0pour le \u00a0\u00a0nouvel an. L&rsquo;occasion de se rappeler les bons moments pass\u00e9s, et en images s&rsquo;il vous plait ! :D Bois-le-Roi-magazine-2014 Bois-le-Roi-magazine-2013 Bois-le-Roi-magazine-2012 Bois-le-Roi-magazine-2011 Bois-le-Roi-magazine-2010 Bois-le-Roi-magazine-2000 Partnerschaft Aktuell Nos amis allemands \u00e9ditent chaque fin d&rsquo;ann\u00e9e le \u00ab\u00a0Partnerschaft Aktuell\u00a0\u00bb, r\u00e9capitulatif&#8230;<\/p>\n","protected":false},"author":1,"featured_media":0,"parent":0,"menu_order":70,"comment_status":"closed","ping_status":"closed","template":"","meta":{"_kadence_starter_templates_imported_post":false,"_kad_post_transparent":"","_kad_post_title":"","_kad_post_layout":"","_kad_post_sidebar_id":"","_kad_post_content_style":"","_kad_post_vertical_padding":"","_kad_post_feature":"","_kad_post_feature_position":"","_kad_post_header":false,"_kad_post_footer":false,"_kad_post_classname":"","footnotes":""},"class_list":["post-1815","page","type-page","status-publish","hentry"],"_links":{"self":[{"href":"https:\/\/boisleroijumelage.fr\/index.php\/wp-json\/wp\/v2\/pages\/1815","targetHints":{"allow":["GET"]}}],"collection":[{"href":"https:\/\/boisleroijumelage.fr\/index.php\/wp-json\/wp\/v2\/pages"}],"about":[{"href":"https:\/\/boisleroijumelage.fr\/index.php\/wp-json\/wp\/v2\/types\/page"}],"author":[{"embeddable":true,"href":"https:\/\/boisleroijumelage.fr\/index.php\/wp-json\/wp\/v2\/users\/1"}],"replies":[{"embeddable":true,"href":"https:\/\/boisleroijumelage.fr\/index.php\/wp-json\/wp\/v2\/comments?post=1815"}],"version-history":[{"count":12,"href":"https:\/\/boisleroijumelage.fr\/index.php\/wp-json\/wp\/v2\/pages\/1815\/revisions"}],"predecessor-version":[{"id":3250,"href":"https:\/\/boisleroijumelage.fr\/index.php\/wp-json\/wp\/v2\/pages\/1815\/revisions\/3250"}],"wp:attachment":[{"href":"https:\/\/boisleroijumelage.fr\/index.php\/wp-json\/wp\/v2\/media?parent=1815"}],"curies":[{"name":"wp","href":"https:\/\/api.w.org\/{rel}","templated":true}]}}